vide 162201726?
True
Is 117130688 a multiple of 138?
False
Does 378 divide 241907904?
True
Is 106332824 a multiple of 13?
True
Is 422 a factor of 89515062?
True
Is 3557 a factor of 150258489?
False
Is 184 a factor of 81610298?
False
Does 28 divide 5285955?
False
Is 2434085768 a multiple of 103?
False
Does 1213 divide 267546644?
False
Is 22 a factor of 18277078?
False
Is 1801 a factor of 40256176?
False
Is 3610781822 a multiple of 6?
False
Is 834962457 a multiple of 11?
False
Is 1506934575 a multiple of 225?
True
Is 86 a factor of 29312819?
False
Is 1043 a factor of 37929586?
False
Is 42498135 a multiple of 9?
True
Does 26 divide 175235528?
True
Does 34 divide 7811430?
False
Does 11 divide 64570891?
True
Does 335 divide 217492385?
True
Is 1782 a factor of 16203726?
True
Is 788257467 a multiple of 1611?
True
Does 125 divide 29013875?
True
Does 94 divide 7060895?
False
Is 2189627024 a multiple of 25?
False
Does 281 divide 22724044?
False
Is 3 a factor of 549793893?
True
Is 11338272 a multiple of 1188?
True
Does 262 divide 23192261?
False
Is 213452274 a multiple of 42?
True
Is 3 a factor of 146918105?
False
Is 69090035 a multiple of 215?
True
Is 503 a factor of 42959218?
True
Is 948 a factor of 470457324?
True
Is 1257272328 a multiple of 52?
True
Is 1737508717 a multiple of 1087?
False
Is 1571 a factor of 84423969?
True
Is 399 a factor of 941230200?
False
Is 9236 a factor of 332734500?
False
Is 460254197 a multiple of 434?
False
Is 26 a factor of 29215134?
True
Is 860 a factor of 2006762700?
True
Is 147 a factor of 2296087521?
True
Is 38 a factor of 378353631?
False
Is 330 a factor of 6741150?
False
Does 1445 divide 1415241386?
False
Is 59 a factor of 886121?
True
Is 5 a factor of 24090755?
True
Is 1093 a factor of 2247751221?
True
Does 2 divide 9662666?
True
Does 2374 divide 1086064802?
False
Is 1634027665 a multiple of 198?
False
Does 71 divide 120079673?
True
Is 855860311 a multiple of 6163?
False
Is 1156 a factor of 5110623980?
True
Is 1771552950 a multiple of 9?
False
Does 1887 divide 72500427?
True
Does 31 divide 176831?
False
Does 387 divide 639093735?
True
Is 60 a factor of 4053309?
False
Does 6 divide 35828748?
True
Is 59 a factor of 857563112?
True
Does 19 divide 2900842646?
False
Is 5678571 a multiple of 1261?
False
Is 1031453849 a multiple of 71?
True
Does 176 divide 5980480?
True
Does 30 divide 422788710?
True
Is 18049130 a multiple of 310?
True
Does 67 divide 453808713?
False
Does 289 divide 159434118?
False
Is 324635432 a multiple of 4?
True
Is 114779520 a multiple of 480?
True
Is 51 a factor of 174914700?
True
Does 60 divide 34408380?
True
Does 79 divide 187733230?
True
Does 20 divide 54281420?
True
Is 242 a factor of 2040386942?
True
Is 51 a factor of 28168524?
True
Does 197 divide 109325696?
False
Does 95 divide 720399345?
True
Is 782567239 a multiple of 12?
False
Is 71418360 a multiple of 1976?
False
Is 44933875 a multiple of 2885?
True
Does 528 divide 117127557?
False
Is 112 a factor of 9602498?
False
Does 44 divide 65033056?
True
Does 13 divide 255084973?
True
Is 219 a factor of 38050172?
False
Does 262 divide 103501528?
True
Is 18523546 a multiple of 587?
False
Does 10 divide 17322330?
True
Is 10799 a factor of 462245791?
False
Does 142 divide 4204842?
False
Is 16 a factor of 1806400?
True
Is 11 a factor of 26087853?
True
Is 675305493 a multiple of 20?
False
Is 74117257 a multiple of 31?
False
Is 425614885 a multiple of 2?
False
Does 9716 divide 2045412320?
True
Is 226 a factor of 168864036?
True
Is 3 a factor of 75653758?
False
Is 110821779 a multiple of 993?
True
Does 214 divide 17848028?
True
Is 259852446 a multiple of 7?
True
Is 1292636298 a multiple of 3478?
False
Is 669399801 a multiple of 3189?
True
Does 100 divide 818172765?
False
Is 26 a factor of 799285635?
False
Does 35 divide 2227955?
False
Is 56971320 a multiple of 6?
True
Is 1301 a factor of 72411103?
False
Does 16 divide 231948303?
False
Is 8 a factor of 19697184?
True
Is 867 a factor of 70847478?
False
Is 24969750 a multiple of 78?
True
Does 175 divide 25781700?
True
Is 2811019460 a multiple of 7?
False
Does 54 divide 25874824?
False
Is 66198149 a multiple of 13?
False
Is 718 a factor of 51850370?
True
Does 753 divide 295780350?
False
Does 144 divide 2407724?
False
Is 13 a factor of 502437?
True
Is 15 a factor of 538737520?
False
Is 506122707 a multiple of 35?
False
Is 1423 a factor of 1056970856?
False
Is 598617855 a multiple of 15?
True
Does 8 divide 1436163488?
True
Is 220 a factor of 23998700?
True
Does 1843 divide 11025644?
False
Does 200 divide 5203000?
True
Is 519 a factor of 158074717?
False
Is 1460153589 a multiple of 25?
False
Is 1826864 a multiple of 876?
False
Is 559308047 a multiple of 547?
True
Does 430 divide 2628929?
False
Is 163 a factor of 8660082?
False
Is 11010510 a multiple of 15?
True
Does 5 divide 150458435?
True
Is 1536 a factor of 238379004?
False
Does 5 divide 19751737?
False
Is 19827666 a multiple of 32?
False
Does 195 divide 6162000?
True
Is 19776987 a multiple of 23?
True
Does 31 divide 786638578?
True
Is 327 a factor of 41451593?
False
Does 43 divide 5223045?
False
Does 881 divide 28419657?
False
Is 12398364 a multiple of 1585?
False
Does 1127 divide 1967849632?
False
Does 51 divide 3340497?
False
Is 8578080 a multiple of 23?
True
Is 1853 a factor of 1644213491?
False
Is 3977046 a multiple of 3?
True
Does 42 divide 477757308?
True
Is 42 a factor of 17463852?
True
Is 1823440893 a multiple of 16?
False
Is 630 a factor of 771520050?
True
Is 21305840 a multiple of 16?
True
Is 1807078 a multiple of 14?
True
Does 53 divide 41423581?
True
Is 21571704 a multiple of 29?
False
Is 212 a factor of 5007523528?
True
Does 527 divide 326537105?
True
Is 64 a factor of 90517842?
False
Does 14 divide 1296328824?
True
Is 204 a factor of 1606541346?
False
Is 309733452 a multiple of 1043?
True
Does 2674 divide 2033183922?
True
Does 1534 divide 3421486329?
False
Does 112 divide 32460176?
True
Is 71527008 a multiple of 224?
True
Is 63 a factor of 17523513?
True
Is 73 a factor of 1412477?
True
Does 22 divide 62475644?
True
Is 82862482 a multiple of 2469?
False
Is 869795 a multiple of 179?
False
Is 420219940 a multiple of 20?
True
Is 7 a factor of 292052747?
True
Is 1152199224 a multiple of 99?
True
Is 31 a factor of 4596643479?
False
Is 14 a factor of 290665284?
True
Is 34 a factor of 2232806792?
True
Is 9520232 a multiple of 536?
False
Is 941 a factor of 314452088?
True
Is 10253964 a multiple of 67?
False
Is 1009 a factor of 241942782?
False
Is 82939220 a multiple of 182?
True
Is 12 a factor of 1702492875?
False
Is 12176225 a multiple of 3?
False
Is 1066 a factor of 673038288?
True
Is 295 a factor of 155382297?
False
Is 46 a factor of 9162372?
True
Is 92385348 a multiple of 33?
True
Is 9 a factor of 59290812?
True
Does 402 divide 1104850770?
True
Is 7645134 a multiple of 2125?
False
Is 7135863 even?
False
Is 27 a factor of 54938196?
True
Is 817011111 a multiple of 10?
False
Is 249 a factor of 9323839?
False
Does 756 divide 22733685?
False
Is 141444034 a multiple of 37?
False
Is 4724 a factor of 741190876?
True
Is 1333 a factor of 1714823187?
True
Is 11516435 a multiple of 224?
False
Is 151790400 a multiple of 830?
True
Is 10 a factor of 70833809?
False
Does 228 divide 454608825?
False
Is 10382902 a multiple of 77?
False
Does 861 divide 794273361?
True
Is 407 a factor of 11785906?
True
Does 1141 divide 38428880?
True
Does 319 divide 49430645?
True
Is 5580301 a multiple of 17?
True
Is 2554 a factor of 322662144?
True
Is 2272274945 a multiple of 4682?
False
Does 409 divide 55431000?
False
Is 573 a factor of 353705969?
False
Is 3618581 a multiple of 1122?
False
Is 24 a factor of 353073720?
True
Is 66011116 a multiple of 119?
False
Is 38292606 a multiple of 123?
True
Does 43 divide 1599318952?
True
Does 115 divide 5128994?
False
Is 6 a factor of 183352023?
False
Is 53 a factor of 2655512?
True
Is 286858672 a multiple of 38?
False
Does 244 divide 1837320?
True
Is 340 a factor of 212123565?
False
Is 4 a factor of 14666316?
True
Is 1713 a factor of 856129733?
False
Does 1777 divide 149291101?
True
Does 751 divide 13012715?
False
Does 20 divide 3597479540?
True
Is 7232252 a multiple of 112?
False
Is 13 a factor of 20958633?
False
Is 75 a factor of 4109400?
T